2677?
2466
In base 13, what is 1438 - -a?
1445
In base 13, what is 2 - 3c4b?
-3c49
In base 16, what is 39 - -624?
65d
In base 14, what is 1 + -1860b?
-1860a
In base 6, what is 2555 + -334?
2221
In base 15, what is -260b + -14e?
-275a
In base 9, what is 65750 - 0?
65750
In base 10, what is 167 + -559?
-392
In base 10, what is 1331 - -275?
1606
In base 11, what is -a951 + -24?
-a975
In base 16, what is -21ca2 - 5?
-21ca7
In base 9, what is 454 - -5172?
5636
In base 11, what is 4 + 272a9?
27302
In base 3, what is 1112221200 - -2221?
1120001121
In base 3, what is -10111200 - -20110?
-10021020
In base 12, what is 333 - 2a16?
-26a3
In base 7, what is 12340 + 5?
12345
In base 16, what is -98102 + 1?
-98101
In base 2, what is -1101011011000110100 - 1?
-1101011011000110101
In base 10, what is 2450903 - 2?
2450901
In base 2, what is -10000000110111101 - 1?
-10000000110111110
In base 9, what is -33 + -353?
-386
In base 10, what is -292 + 4338?
4046
In base 15, what is 8bbc5 + -3?
8bbc2
In base 3, what is 10 - -201111012?
201111022
In base 11, what is 42799 + 3?
427a1
In base 15, what is -10 - -1919?
1909
In base 4, what is -2220 - 1312?
-10132
In base 2, what is -100 - 110110111101100?
-110110111110000
In base 2, what is 11010111011110011 + 100?
11010111011110111
In base 2, what is -1000011110 + -1?
-1000011111
In base 16, what is -7 + -15cc2?
-15cc9
In base 9, what is 6 - 36263?
-36256
In base 16, what is 5 + -12072?
-1206d
In base 15, what is 3dc + e9?
4d6
In base 5, what is 20243432 + 3?
20243440
In base 6, what is 14133051 + -20?
14133031
In base 16, what is -1783d2 + 3?
-1783cf
In base 3, what is 10222 + 21010?
102002
In base 4, what is -232210 + -123233?
-1022103
In base 2, what is -11 + -1100010110011011?
-1100010110011110
In base 4, what is 1331 + 1300303?
1302300
In base 13, what is 3 - 261b25?
-261b22
In base 9, what is 501 + -205?
285
In base 4, what is 2012231 - -11?
2012302
In base 5, what is -140 - -1332241?
1332101
In base 16, what is 8 - 41ea?
-41e2
In base 14, what is 17 + 140b8?
140d1
In base 12, what is 11 - b6a4?
-b693
In base 11, what is -357 - -215?
-142
In base 11, what is -31a2 - -3?
-319a
In base 5, what is 3404204 + -132?
3404022
In base 10, what is 1521 + -82?
1439
In base 12, what is -5907ab + 0?
-5907ab
In base 5, what is -322 + -1300120?
-1300442
In base 15, what is -11 - e1e?
-e30
In base 3, what is 1212011212 + -10021?
1212001121
In base 11, what is 19 - -1a21?
1a3a
In base 6, what is 22 + 1415?
1441
In base 16, what is -3 + 1b316?
1b313
In base 16, what is e7ac + -1?
e7ab
In base 6, what is -2 + -15044254?
-15044300
In base 3, what is -10200122 - -201122?
-2222000
In base 14, what is 4 + 89c0d?
89c13
In base 5, what is -4 - 13202402?
-13202411
In base 3, what is -222 + 112012121?
112011122
In base 6, what is 0 - -12421454?
12421454
In base 5, what is -1024213 - -1?
-1024212
In base 11, what is -1385 + -454?
-1829
In base 14, what is 3788d7 - 5?
3788d2
In base 6, what is -2422334 - -5?
-2422325
In base 11, what is -2 - -9324?
9322
In base 4, what is -3 + -123220300?
-123220303
In base 9, what is -222642 - -2?
-222640
In base 3, what is -1000000 - -12000102?
11000102
In base 12, what is b1a + 5?
b23
In base 7, what is 123355 + 6?
123364
In base 3, what is -110 + 212022010?
212021200
In base 10, what is -8 + 437111?
437103
In base 9, what is -405 + 357?
-37
In base 10, what is 3585 + -44?
3541
In base 2, what is -11011100011001 + 101?
-11011100010100
In base 14, what is 4 + -17225?
-17221
In base 6, what is 1031353 - -11?
1031404
In base 4, what is -120220200 + 1?
-120220133
In base 6, what is 4 - -1102355?
1102403
In base 4, what is 0 + -1320330?
-1320330
In base 12, what is -b9 + 52?
-67
In base 8, what is -1162 - -25700?
24516
In base 5, what is -3 - -101404?
101401
In base 2, what is 1111 - -10001101110110010?
10001101111000001
In base 7, what is 5 - 26014?
-26006
In base 2, what is 111010001 - -1010010011100?
1011001101101
In base 9, what is 526 - 30?
486
In base 11, what is -a + -14172?
-14181
In base 8, what is -443 - 147?
-612
In base 7, what is 1164 - 106?
1055
In base 4, what is 1121323 - 3?
1121320
In base 16, what is -2631 - 4?
-2635
In base 7, what is 132 - -610?
1042
In base 13, what is -16bc - 20?
-170c
In base 14, what is -4bc - 69?
-547
In base 6, what is -1431235 - 14?
-1431253
In base 13, what is -539 + -50?
-589
In base 4, what is 223323120 + 3?
223323123
In base 3, what is 210020 + -10?
210010
In base 12, what is -11 + 788?
777
In base 2, what is 1001011100110011101 - 110?
1001011100110010111
In base 7, what is -33 - 145034?
-145100
In base 2, what is 11110011 - -1110000100010?
1110100010101
In base 15, what is -3d11 + -6c?
-3d7d
In base 3, what is -1022220012 - 22?
-1022220111
In base 12, what is 0 + -5725?
-5725
In base 15, what is 66 + -1e1b?
-1da5
In base 10, what is -5 - 4999?
-5004
In base 8, what is 4 - 16756?
-16752
In base 11, what is -1 - -406161?
406160
In base 4, what is -2 + -202103?
-202111
In base 16, what is -363 - -68?
-2fb
In base 11, what is -1820 + 7?
-1814
In base 11, what is -48 + -6a16?
-6a63
In base 15, what is -8ec89 + -2?
-8ec8b
In base 2, what is -110 - -101000011101?
101000010111
In base 6, what is 1522224 + 4?
1522232
In base 6, what is 330401115 + 4?
330401123
In base 15, what is -5 - 29771?
-29776
In base 7, what is -3 + 26106?
26103
In base 12, what is -1 + -25595?
-25596
In base 10, what is -2 + 8511?
8509
In base 11, what is 4 - 12068?
-12064
In base 6, what is 24 - 13551?
-13523
In base 12, what is 840 + -16?
826
In base 7, what is 21316315 + -1?
21316314
In base 11, what is 24 - 4520?
-44a7
In base 15, what is -5ea9 - 8?
-5eb2
In base 2, what is 100111101 - -101?
101000010
In base 12, what is -280b + 4?
-2807
In base 16, what is -25b - 225?
-480
In base 4, what is -13100 + 2101?
-10333
In base 4, what is -1 + 1123102133?
1123102132
In base 15, what is -c2c4 + b?
-c2b8
In base 6, what is 1523 - 3141?
-1214
In base 3, what is -220 - 2012101?
-2020021
In base 13, what is -3122 - 3?
-3125
In base 7, what is -10 - -1650414?
1650404
In base 3, what is -220101100 - -101?
-220100222
In base 12, what is 17810 + 0?
17810
In base 2, what is 1 - 101111111110110?
-101111111110101
In base 6, what is 4 + 30041?
30045
In base 9, what is -3 + 50854?
50851
In base 2, what is -11 - -111000100111011100?
111000100111011001
In base 14, what is 1933 + -c?
1925
In base 16, what is 10489 - 4?
10485
In base 16, what is 0 + d1d1?
d1d1
In base 7, what is -3315 + -154?
-3502
In base 5, what is -220120 - 0?
-220120
In base 13, what is 1 - -255c3?
255c4
In base 4, what is -3231 - -20211?
10320
In base 9, what is 7154 + -7?
7146
In base 11, what is -192011 - 5?
-192016
In base 10, what is -5854 + 6?
-5848
In base 16, what is -9 - -63c?
633
In base 10, what is 10451 - 8?
10443
In base 6, what is -4332 + -13541?
-22313
In base 16, what is -45 - -29e?
259
In base 10, what is -6 + 39794?
39788
In base 14, what is 5 - 7aba?
-7ab5
In base 8, what is 125541 + 3?
125544
In base 15, what is -5 - ee78?
-ee7d
In base 8, what is 1 + 142433?
142434
In base 11, what is 78366 - -5?
78370
In base 12, what is 379 - -930?
10a9
In base 12, what is 335 + b2?
427
In base 4, what is 13302310333 - 11?
13302310322
In base 13, what is 24653 + 2?
24655
In base 6, what is 103 + -145525?
-145422
In base 5, what is 12212 - 3024?
4133
In base 3, what is 12 + -1021012120101?
-1021012120012
In base 16, what is dea + -101?
ce9
In base 4, what is 12000 - -13012?
31012
In base 15, what is 3 - 2eb7?
-2eb4
In base 13, what is 1bac - 10?
1b9c
In base 10, what is -7 - -1256?
1249
In base 4, what is -230010030 + -11?
-230010101
In base 3, what is -12 + 102220020212?
102220020200
In base 16, what is -25 + -3a2?
-3c7
In base 13, what is 6 + 477?
480
In base 15, what is -45 + -1b?
-61
In base 7, what is 4632 - 354?
4245
In base 16, what is a462 - 1?
a461
In base 10, what is 101592 - 5?
101587
In base 9, what is 13 - 446?
-433
In base 7, what is -216 - -5?
-211
In base 13, what is 2874 - 1?
2873
In base 16, what is 3 + -2b562?
-2b55f
In base 7, what is 10003 + -3?
10000
In base 10, what is 462 - -157?
619
In base 2, what is -11111111011000011101101 + 100?
-11111111011000011101001
In base 13, what is 35a11 - 4?
35a0a
In base 2, what is 100